f 6882494?
4
What is the thousands digit of 324878?
4
What is the units digit of 143032?
2
What is the units digit of 1061254?
4
What is the hundred thousands digit of 257030?
2
What is the hundred thousands digit of 1853309?
8
What is the units digit of 194351?
1
What is the hundreds digit of 229449?
4
What is the units digit of 89461?
1
What is the ten thousands digit of 6917729?
1
What is the ten thousands digit of 62774?
6
What is the thousands digit of 70992?
0
What is the tens digit of 3670056?
5
What is the ten thousands digit of 194738?
9
What is the thousands digit of 680500?
0
What is the millions digit of 8675293?
8
What is the ten thousands digit of 1585625?
8
What is the hundreds digit of 725323?
3
What is the tens digit of 1689265?
6
What is the units digit of 525589?
9
What is the units digit of 214635?
5
What is the tens digit of 1176633?
3
What is the units digit of 201764?
4
What is the millions digit of 3872996?
3
What is the hundreds digit of 370653?
6
What is the tens digit of 4005052?
5
What is the ten thousands digit of 909664?
0
What is the ten thousands digit of 12928401?
2
What is the hundreds digit of 4170640?
6
What is the hundreds digit of 508886?
8
What is the tens digit of 646850?
5
What is the hundred thousands digit of 7470088?
4
What is the hundreds digit of 7710?
7
What is the thousands digit of 502792?
2
What is the hundred thousands digit of 435852?
4
What is the thousands digit of 7259655?
9
What is the tens digit of 195247?
4
What is the millions digit of 6823381?
6
What is the hundred thousands digit of 560481?
5
What is the thousands digit of 9143454?
3
What is the ten thousands digit of 607282?
0
What is the units digit of 166163?
3
What is the units digit of 19093313?
3
What is the tens digit of 6218402?
0
What is the ten millions digit of 22720266?
2
What is the ten millions digit of 10842945?
1
What is the units digit of 29694?
4
What is the tens digit of 6335953?
5
What is the hundreds digit of 211148?
1
What is the units digit of 9249426?
6
What is the hundreds digit of 596559?
5
What is the hundred thousands digit of 394117?
3
What is the millions digit of 1321766?
1
What is the tens digit of 73362?
6
What is the units digit of 141417?
7
What is the hundreds digit of 274229?
2
What is the thousands digit of 4194668?
4
What is the hundred thousands digit of 648242?
6
What is the hundreds digit of 886947?
9
What is the ten thousands digit of 500604?
0
What is the units digit of 220501?
1
What is the hundreds digit of 10622051?
0
What is the hundred thousands digit of 184041?
1
What is the hundred thousands digit of 369228?
3
What is the tens digit of 29653142?
4
What is the hundreds digit of 6381681?
6
What is the hundreds digit of 7549825?
8
What is the tens digit of 258295?
9
What is the units digit of 1126754?
4
What is the hundred thousands digit of 476800?
4
What is the hundreds digit of 34965266?
2
What is the units digit of 3446290?
0
What is the hundreds digit of 8943709?
7
What is the units digit of 385978?
8
What is the hundred thousands digit of 264054?
2
What is the units digit of 426660?
0
What is the ten millions digit of 17329123?
1
What is the tens digit of 3462966?
6
What is the thousands digit of 1866809?
6
What is the ten millions digit of 12018028?
1
What is the hundreds digit of 1960839?
8
What is the hundred thousands digit of 174880?
1
What is the ten thousands digit of 500723?
0
What is the hundreds digit of 8837756?
7
What is the ten thousands digit of 215846?
1
What is the units digit of 117636?
6
What is the hundreds digit of 885052?
0
What is the tens digit of 50635?
3
What is the thousands digit of 11731?
1
What is the hundred thousands digit of 376145?
3
What is the units digit of 585725?
5
What is the millions digit of 5037604?
5
What is the ten thousands digit of 8766388?
6
What is the ten thousands digit of 1130501?
3
What is the hundreds digit of 35926?
9
What is the millions digit of 4153004?
4
What is the thousands digit of 19867989?
7
What is the hundreds digit of 489177?
1
What is the tens digit of 6894273?
7
What is the hundreds digit of 605308?
3
What is the hundreds digit of 176879?
8
What is the units digit of 1349606?
6
What is the tens digit of 13401621?
2
What is the hundreds digit of 144851?
8
What is the tens digit of 559880?
8
What is the tens digit of 16178279?
7
What is the ten thousands digit of 255287?
5
What is the units digit of 2533900?
0
What is the hundreds digit of 5875378?
3
What is the ten thousands digit of 139082?
3
What is the hundreds digit of 815107?
1
What is the ten thousands digit of 23123714?
2
What is the tens digit of 360504?
0
What is the tens digit of 15414089?
8
What is the ten thousands digit of 1437619?
3
What is the tens digit of 16585155?
5
What is the units digit of 2817141?
1
What is the thousands digit of 128630?
8
What is the ten thousands digit of 225259?
2
What is the millions digit of 18253665?
8
What is the tens digit of 437?
3
What is the hundreds digit of 3329070?
0
What is the hundreds digit of 2090913?
9
What is the thousands digit of 493186?
3
What is the units digit of 117917?
7
What is the ten thousands digit of 1061422?
6
What is the tens digit of 665990?
9
What is the thousands digit of 1574556?
4
What is the tens digit of 239271?
7
What is the hundreds digit of 78868?
8
What is the thousands digit of 179779?
9
What is the ten thousands digit of 351249?
5
What is the units digit of 266605?
5
What is the hundred thousands digit of 7676555?
6
What is the thousands digit of 4468227?
8
What is the ten thousands digit of 7107550?
0
What is the hundreds digit of 3235214?
2
What is the hundreds digit of 1013122?
1
What is the ten thousands digit of 77586?
7
What is the ten thousands digit of 2975147?
7
What is the tens digit of 2365306?
0
What is the ten thousands digit of 237803?
3
What is the tens digit of 7100953?
5
What is the millions digit of 4970356?
4
What is the millions digit of 8477731?
8
What is the thousands digit of 580028?
0
What is the thousands digit of 400400?
0
What is the thousands digit of 208026?
8
What is the hundred thousands digit of 6329691?
3
What is the hundreds digit of 1213296?
2
What is the units digit of 255207?
7
What is the units digit of 884984?
4
What is the thousands digit of 70133?
0
What is the ten thousands digit of 31988?
3
What is the millions digit of 3783976?
3
What is the thousands digit of 4382744?
2
What is the tens digit of 208545?
4
What is the millions digit of 1565654?
1
What is the tens digit of 1051338?
3
What is the units digit of 246506?
6
What is the hundred thousands digit of 9531281?
5
What is the units digit of 645590?
0
What is the thousands digit of 27709719?
9
What is the hundreds digit of 19937338?
3
What is the millions digit of 15040313?
5
What is the thousands digit of 997391?
7
What is the ten thousands digit of 349024?
4
What is the hundreds digit of 42717544?
5
What is the units digit of 66549?
9
What is the hundreds digit of 1420669?
6
What is the millions digit of 7805829?
7
What is the thousands digit of 1266128?
6
What is the hundred thousands digit of 377179?
3
What is the tens digit of 2308416?
1
What is the ten millions digit of 11114542?
1
What is the ten thousands digit of 85879?
8
What is the millions digit of 1473979?
1
What is the units digit of 30951687?
7
What is the ten thousands digit of 11457699?
5
What is the units digit of 6813095?
5
What is the thousands digit of 3833163?
3
What is the ten thousands digit of 20937957?
3
What is the thousands digit of 3251?
3
What is the thousands digit of 5467440?
7
What is the thousands digit of 3639165?
9
What is the ten thousands digit of 1451986?
5
What is the millions digit of 5525331?
5
What is the thousands digit of 582966?
2
What is the hundreds digit of 424511?
5
What is the ten thousands digit of 592773?
9
What is the hundred thousands digit of 4940314?
9
What is the ten thousands digit of 3451194?
5
What is the hundred thousands digit of 346583?
3
What is the hundred thousands digit of 22931946?
9
What is the hundreds digit of 302778?
7
What is the units digit of 2608490?
0
What is the units digit of 2957108?
8
What is the ten thousands digit of 3460686?
6
What is the ten tho